the greatest common divisor of r and 24?
4
Let q be (-1 - -1)/(3/(15/5)). Suppose 5*r - a + 18 = q, 0 = a - 3*a + 6. Let n be r + -6*6/(-9). Calculate the greatest common divisor of n and 17.
1
Let g(b) = -b**2 - 66*b - 1042. Let j be g(-30). Calculate the highest common divisor of j and 665.
19
Suppose t + 417 = 3*f, 5*f + 3*t - 937 + 200 = 0. Calculate the greatest common divisor of 17750 and f.
142
Suppose -18*u = -632 + 164. Calculate the greatest common factor of 18 and u.
2
Let k be 1418*((-6)/4*13/(-39) + 2). What is the highest common factor of 5 and k?
5
Let u(y) = y. Let k be u(0). Suppose 2*s - 5*f + 8 = -6, -2*f + 8 = k. Let z be (-1235)/(-57) + 1/s. What is the highest common factor of z and 2?
2
Suppose -13*k = -9*k - 13860. Suppose 9*c = -6*c + k. Calculate the highest common divisor of 21 and c.
21
Let v = -237 - -421. Suppose -5*r - 15 = -5, 3*l - 37 = 5*r. Suppose -3*k = l - 78. What is the highest common divisor of v and k?
23
Suppose -100*o - 810 = -105*o. What is the highest common factor of o and 891?
81
Suppose -55*j + 67*j = 468. Suppose j*w - 23*w - 8096 = 0. Calculate the highest common divisor of 44 and w.
22
Let r(d) = 101*d - 114*d - 11 + 1. Let v be r(-1). Calculate the greatest common factor of 72 and v.
3
Let l(a) = 5*a**2 + a. Let v be l(-5). Suppose -3*h + 2 = -7. Suppose h*w + 4*w - 168 = 0. What is the greatest common divisor of w and v?
24
Suppose -40*q - 1035 = -109*q. What is the greatest common divisor of q and 6945?
15
Let u = -10623 - -11119. What is the highest common divisor of u and 128?
16
Suppose -3*n = -5*k + 16, -9*k + 12*k - 18 = -n. Suppose n*t - 513 - 287 = -2*w, 3*w = t - 252. Calculate the greatest common divisor of t and 48.
24
Let x = -17347 - -17489. What is the greatest common factor of x and 54386?
142
Let z be ((-24)/(-20))/(4/10). Suppose 2*u = 5 + z. Suppose 1034 - 1042 = -2*c. What is the greatest common divisor of c and u?
4
Let l(g) = 12*g + 133 - 35*g**3 + 2*g**2 + 124 - 246. Let v be l(-1). What is the greatest common divisor of 48 and v?
12
Suppose 595 = 3*o + 5*s, -64*s + 985 = 5*o - 59*s. Calculate the highest common factor of o and 39.
39
Let f = 8 + 7. Let y be (35/f - 4)/(1/(-3)). Suppose -d + 2*i + 24 = 2, 5*i + 85 = y*d. What is the highest common factor of d and 12?
12
Let p be ((-116)/87 - (-4840)/12)*(1 - -1). Calculate the greatest common factor of p and 396.
12
Let s = -32 + 36. Suppose 20 + 6 = -p + s*g, -4*p = -5*g + 93. Let x = 55 + p. What is the greatest common divisor of 11 and x?
11
Suppose -2*o + 32 = -31*r + 35*r, -5*o + 4*r + 10 = 0. What is the greatest common factor of 114 and o?
6
Let z be 25/275 + 1616/11. Let b(x) = 5*x**2 - 25*x + 33. Let w be b(6). Calculate the highest common divisor of z and w.
21
Let g be ((1 - 2 - 4) + 4)*21. Let b be (18/(-21))/(1/g). Calculate the highest common factor of 30 and b.
6
Let h = -6 + 12. Let c be 136/40 + (-6)/15. Suppose -3*f - c*k = -24, f = -0*f - 3*k. What is the greatest common divisor of h and f?
6
Let o(n) = -n - 14. Let k be o(0). Let c = -168 - -132. Let f be c/(-126) - 332/k. Calculate the greatest common divisor of 24 and f.
24
Suppose -2*a = 1305*n - 1301*n - 13048, -19577 = -3*a - 5*n. What is the greatest common divisor of 90 and a?
18
Suppose d = -92 - 120. Let v = -206 - d. What is the highest common divisor of 174 and v?
6
Let m = -8772 - -8928. Calculate the highest common divisor of 1378 and m.
26
Let s(r) = -r**3 - 3*r**2 + 3. Let v be s(-3). Let o = 157 + -151. Suppose -o*b + 30 = -0. Calculate the greatest common divisor of b and v.
1
Let m(q) = -q**2 - 44*q + 301. Let h be m(-49). Calculate the highest common factor of h and 308.
28
Let u = -1720 - -1730. Suppose d + 1362 = 4*m, -5*m + 1698 = -2*d + 3*d. Calculate the greatest common divisor of m and u.
10
Suppose -5*q + 7*q - 18 = 0. Let n be ((-4)/14)/((5 - q)/532). What is the greatest common factor of 4 and n?
2
Let x be (2 + 6/(-6))/((-420)/85 + 5). Calculate the highest common divisor of 7463 and x.
17
Let s be -22*((-50)/20)/5 - -4746. What is the greatest common factor of 737 and s?
67
Suppose -64 + 309 = 5*x + 5*m, 0 = -3*m + 3. Suppose -129*w + 21122 + 25838 - 13936 = 0. What is the greatest common divisor of x and w?
16
Suppose 4*s = -s + 2*d + 5, -s + 4*d = -19. Let z be (6/s)/((-39)/260). What is the greatest common divisor of z and 10?
10
Let d(u) = -8*u**3 - 30*u**2 + 17*u + 22. Let x be d(-7). What is the greatest common divisor of x and 11?
11
Let t(g) = g**3 + 19*g**2 + 56*g + 358. Let x be t(-15). What is the greatest common factor of x and 264?
22
Let v = 57 - 53. Let f = 129 + v. Let q be 5173/f - 4/(-38). What is the greatest common factor of 39 and q?
39
Let p be -7 - 0 - (-327591)/33. Calculate the greatest common divisor of 62 and p.
62
Suppose 28*i - 66 = 25*i. Suppose k = 5*v - 676, -20*v = -i*v + 2*k + 264. What is the greatest common factor of v and 17?
17
Let x be -3 + -1 - 8792/(-56). Calculate the highest common factor of x and 1309.
17
Suppose -5*w + 98 = -67. Let u be (43 + -25)/18 - (-42)/2. What is the greatest common factor of u and w?
11
Let c = -56 - -75. Let m = 66 - 64. Let u be (-1258)/(-22) - m/11. What is the greatest common divisor of u and c?
19
Let o(i) = 42*i - 92. Let w be o(6). Suppose -14*s + 9*s + 5*v = -w, -3*v - 124 = -4*s. What is the highest common factor of s and 42?
14
Suppose 4*o = -4*b - b + 10998, -3*o - 2*b = -8252. Calculate the greatest common factor of 448 and o.
64
Let y(h) = 304*h - 6134. Let b be y(23). Calculate the highest common factor of b and 936.
78
Suppose -41*i - 386287 = -212*i - 74383. Calculate the greatest common divisor of i and 24.
24
Suppose -7 = -m + 3*s, 0*m - 4*m = 2*s - 42. Let x be 4*5/m + 7. Let o be (-17)/(-5) + (-4)/10. What is the highest common divisor of o and x?
3
Suppose 81*n - 6810 = 3720. Let l be (2 - 4 - -153) + -1. Suppose 2*v - l = n. What is the greatest common divisor of 28 and v?
28
Let h(y) = 30*y + 10. Let v be h(10). Let l = v + 80. Suppose -90 - l = -8*p. Calculate the greatest common divisor of p and 15.
15
Let n(f) = -18*f - 19. Let j be n(-9). Let y(k) = -7*k**2 - 35*k + 11. Let b be y(-5). Calculate the highest common divisor of b and j.
11
Suppose 3*h - 157 = 3*d - 481, 0 = -d - 2*h + 99. Suppose -132*u + 125*u + d = 0. What is the highest common factor of u and 705?
15
Let k(p) = -728*p - 20252. Let t be k(-28). Calculate the highest common factor of t and 28776.
132
Let d = -6 - 24. Suppose 0 = -2*q - o - 152, 12*q = 14*q + 2*o + 156. Let m = d - q. What is the highest common divisor of 22 and m?
22
Suppose 187*x = 89*x + 4312. Calculate the greatest common factor of 1298 and x.
22
Suppose -3*a + 577 = -4*s - 623, 5*a - 1971 = -3*s. What is the highest common factor of 16 and a?
4
Let m(g) = -g**3 + 3. Let s be m(0). Suppose -5*l = 5*c - 880, 1530*c = 2*l + 1529*c - 355. Calculate the highest common divisor of l and s.
3
Suppose 3*f - 4*a = 687, 3*f - 17*a = -15*a + 681. What is the greatest common divisor of 4230 and f?
45
Suppose 0 = -3*k - 3*o + 1197, o - 348 = -3*k + 847. What is the greatest common factor of k and 995?
199
Suppose 4*c = -3*a + 54, -7*a + 8*a = -3*c + 13. Suppose 7*v = 216 + a. Calculate the greatest common factor of 51 and v.
17
Let p be 10*(2 + 99/15 - 3). Suppose 3*d = -3*q + 18 + 150, 3*d - p = -q. What is the greatest common factor of 84 and q?
28
Suppose -3 = 3*u, -2*x + 177*u = 179*u - 712. What is the highest common divisor of 78 and x?
3
Suppose -21*g = -14*g - 385. Calculate the greatest common factor of 145 and g.
5
Suppose -4*a - 90 = -n, 54 = n - 10*a + 12*a. Calculate the highest common factor of 3960 and n.
66
Let a(z) = -z**3 - 78*z**2 - 142*z + 784. Let w be a(-76). What is the greatest common factor of 6600 and w?
24
Let d(k) = -1. Let u(i) = -i - 13. Let f(w) = -d(w) - u(w). Let p be f(-7). Suppose s - p = 21. Calculate the highest common factor of s and 4.
4
Let z(m) = 2*m**2 - 127*m - 899. Let d be z(-8). Calculate the greatest common factor of 1855 and d.
35
Let q(c) = -c**3 + 62*c**2 - 205*c + 504. Let g be q(56). What is the highest common factor of 105 and g?
35
Suppose -10*l + 13*l - 366 = -7*y, 0 = 5*y - 3*l - 282. Suppose -t - 4*t + 720 = 0. Calculate the highest common fac